58 + -12975 + 0 + -22?
61
-2 + 0 + (118 - 121) + 7
2
1 + 13 - (6 + 14 - (-3 - 27))
-36
Evaluate 6 + (-12 - -81) - (2 - -18).
55
Evaluate 71 + (411 - 436 - (2 - 0 - 11)).
55
Calculate -21 - -26 - (-30 - (3 - 28) - (1 + 1)).
12
Evaluate -55 + -23 + (-88 - -140).
-26
What is the value of (-111 - -94) + 2 + -56 + 4 + -4 + -2?
-73
What is the value of (-149 - -80) + 88 - 76?
-57
(1 + -1 - (25 + -19 + 2)) + -1
-9
Evaluate 3 - -3 - (-14 + 11 + (-21 - 6)).
36
What is the value of -10 + 92 + (24 - 135)?
-29
-138 + 80 - (153 + -79)
-132
What is the value of (2 + (5 - -19 - 6) - 11) + -2 - -45?
52
18 + -24 + (-16 - 1) + 10 + -8
-21
What is (-5 + -1 - 1) + 15 + -6 - 2 - -23?
23
What is -42 + 69 + -183 + 72?
-84
Evaluate -60 - (-186 + 69 + 42).
15
-47 + -46 + (-75 - -198)
30
Evaluate 17 - (25 + 21 + 6 + -19).
-16
Evaluate 6 + (48 - 60) + -57.
-63
15 + (-34 - -26) - 16 - 57
-66
Calculate 17 + -37 - (-29 - -21).
-12
Evaluate (-27 - 3) + (58 - 27) + -36.
-35
Evaluate -9 - (-63 + -2 + 0 + 13 + 160 + -167).
50
What is 22 + -146 - (464 - 678)?
90
Evaluate -31 - (-10 + 23 + (11 - (-5 - -9 - -16))).
-35
What is the value of -98 + 127 + -31 + -65?
-67
Calculate 38 + (-87 - (-87 + 57)).
-19
What is (-14 - -44) + (-84 - -79) - 12?
13
(8 - (13 + 27 + -51 + -2 + 10)) + 110
121
Evaluate -1 - (-14 + 88 + -124).
49
What is the value of 67 + (-13 - (0 - (1 + 1)) - 0)?
56
Evaluate -5 + (0 + 5 + -24 - 1 - -13).
-12
6 - (8 + -4 - (-63 - -38))
-23
Evaluate 200 + 101 + -280 - (0 - -101).
-80
Evaluate -11 + 8 + -8 + -6 + 0 + -9.
-26
What is the value of 30 + (8 - -14 - 23 - 4)?
25
-36 - -3 - (-46 - -21 - 57)
49
-122 + -8 + 28 + -209 + 238
-73
What is the value of -112 - (-6 - (209 - 119))?
-16
What is -37 + 0 - (-1906 - -1867) - (44 + -1)?
-41
Calculate 41 + -23 + (17 - (-33 + 33 - (-1 + -7))).
27
Evaluate (0 - 16) + 2 + (137 - (14 - -2)).
107
What is (-21 - (105 + -82 - (-1 + -8))) + 14?
-39
Calculate (-25 - 35) + 19 + 43.
2
Calculate -134 - -115 - (-1 - -2 - 41).
21
2 - (2 + 20 + -46 + -16)
42
What is the value of -27 - 21 - (13 + -18 + -4 + 4 + 1)?
-44
What is -43 + -10 + 17 + -9 + 11?
-34
Calculate -47 - ((-3 - 4) + 11) - (-22 + 14).
-43
What is (23 + -15 + -20 - (-17 + 3 + 6)) + 80?
76
23 + 18 - (64 - 6)
-17
What is -8 + (-69 - 13 - ((5 + -4 - -12) + -8))?
-95
Evaluate (-20 - 138) + (-31 - -44).
-145
(64 - (16 + 2)) + (-14 - (-4 + (-5 - -6)))
35
What is -4 + -5 + -116 + 23 + -53 + 39?
-116
Evaluate -37 - ((6 - 13) + 2 - 13 - 0).
-19
Evaluate -13 - (-91 + 27 + (15 - 8 - 14)).
58
57 + 69 + -92 - (0 - (-9 - -2))
27
What is (133 - 99 - 74) + 115 + 2?
77
Calculate 75 + -24 + -19 - 71.
-39
(20 - 2) + -2 - 18 - -30
28
Calculate (25 - (10 + -6) - 4) + -33.
-16
What is (-12 - (-23 + 15)) + 28 + 6?
30
What is the value of 23 - ((-17 - (-19 - 2)) + 17)?
2
What is (-9 - 7 - (9 + -4)) + 64?
43
Calculate 23 + (-64 - -70) + -80.
-51
-13 + (-67 - -73) + -30
-37
Evaluate 13 + 1 + 3 + 191 + -232 + 85.
61
Calculate 8 + 0 + -4 - (20 + (-2 - 6)).
-8
What is the value of -1 + -14 + (-95 - -26 - 32) + (8 - -2)?
-106
Calculate (-2 - 0 - -7) + -25 + 34.
14
Calculate 136 + (66 - 214) - -11.
-1
Evaluate 122 + -45 - (16 + 91).
-30
What is the value of 1 - ((-7 - (-32 - -28)) + -15 + -3)?
22
-12 + (-12 + (33 - -25) - 34)
0
What is 5 + 0 - (-45 + 64 + -32 - (6 - 1))?
23
What is (47 - (-27 + 36)) + -21 - (-52 - 0)?
69
Calculate 23 - (22 + -17 - 6).
24
Calculate (-8 + -11 - 36) + -2 + 2 + 5.
-50
Calculate (16 + 63 - 15) + (-6 + 11 - 2).
67
What is the value of -46 - -8 - (7 - (0 - (21 - 11)))?
-55
5 + -5 + 41 + -29 + -36
-24
-13 - -76 - (9 + 2 + -4 - -9)
47
What is 7 + (12 - 29 - (-16 - -5)) - (12 - 1)?
-10
(34 + -8 - 10) + (-28 - (-30 - 19))
37
Evaluate -70 + 1 + -1012 + 1099.
18
Calculate 1600 + -1726 + 19 + -5.
-112
Calculate 40 - 15 - ((-3 - 3) + (10 - 19)).
40
5 + -127 + 2 + (2692 - 2668)
-96
-28 + (16 - (46 + -58))
0
Calculate (-1 - -15) + (5 - 1) + (-6 - 1) - -18.
29
Calculate (-118 - -117) + (-38 - 27).
-66
What is -26 + -36 + 69 - 7?
0
Evaluate -8 + -21 - (288 - 230).
-87
What is the value of -45 + 46 + (-76 - -153)?
78
What is the value of (-3 - (-9 - -4)) + 13 + 24 - (-22 - -12)?
49
What is (-18 - -1) + (-1 - -8) + 2 + -12 + 3?
-17
-61 - -79 - (-8 - -37 - 7)
-4
What is (-166 - -163 - (-4 - -30)) + 94?
65
What is the value of 15 + (-54 - -84) + 16?
61
Calculate 24 - 8 - (5 - 2) - 14 - 8.
-9
What is the value of -73 + 34 + 1 + 83?
45
What is 4 + (-2 - 0 - (-16 + 11 + 16)) - -101?
92
-1 - 12 - (17 - (13 + -17 + 12))
-22
What is the value of (-3 - 5 - (11 + -17 - (5 + -2))) + -38?
-37
What is -19 + 21 + (-21 - -11) - 78 - -10?
-76
What is the value of -53 + 13 + -7 + 1 + 12?
-34
What is (-1 - -13) + (-178 - (74 - 130))?
-110
What is the value of 0 + 1 + 2 + 21 + -11 + -33 - -4?
-16
Calculate 68 - 53 - -113 - 45.
83
-9 - (33 + 42) - -77
-7
What is the value of 3 + -6 - (0 + -50) - 11 - 2?
34
What is the value of 24 - 26 - (631 + -630)?
-3
Calculate -392 + 359 - (42 - 7).
-68
-18 - ((11 - 36) + 31 + 36)
-60
What is the value of 246 - 244 - (82 + 1 - (4 + -6))?
-83
-5 + (-17 - -67) - 54
-9
(17 - -2) + 0 - (32954 + -32991)
56
What is the value of -23 - (86 + -78 - (-1 - 22))?
-54
-46 - -57 - (-28 + 61)
-22
Calculate 14 - (9 - (-2 + -26 + 57)).
34
What is the value of 21 + 30 + -48 - -4?
7
What is the value of 0 + 5 + (-2 - -1) + (-169 + 96 - -20)?
-49
(-12 + (9 - -2 - 23) - -9 - -13) + -33
-35
What is -22 - 44 - -86 - (0 - 4)?
24
Evaluate -2 - -79 - (325 + -317 + 8 + 4).
57
Evaluate (-30 - -56) + 27 - -97 - (-2 + 19).
133
Calculate -3 + 25 + -79 + 17.
-40
What is 3 + 27 + -123 + -19 + 8 + -4?
-108
Evaluate 12 + (9 - (37 - (-5 - -12))) + -3.
-12
Evaluate (67 - (-25 + 158)) + 53.
-13
Evaluate 181 + -54 + -132 - (1 + 30).
-36
Evaluate (-222 - -219) + (1 - -19).
17
Evaluate -15 - -6 - (-124 - -112 - (0 - 48)).
-45
Evaluate 62 + (-109 - (-181 - -72)).
62
What is the value of -3 + 6 - -58 - (48 - 23)?
36
What is the value of 15 + (-14 - -7) - ((2 - (-37 - 1)) + 10)?
-42
Calculate -16 - 62 - (-211 + 58).
75
What is the value of (284 - 422) + 194 + 13?
69
Calculate 2 + -22 + -2 + -4 + 173 + -130.
17
0 + -44 + (454 - 429) + -61
-80
What is the value of (-1589 - -1568) + 15 + 2?
-4
What is -59 - (4 - (19 - (5 - (0 + (3 - 8)))))?
-54
What is the value of -50 - -1 - (53 + -66)?
-36
What is the value of 7 + 6 + 19 + (-1 - 16)?
15
What is 11 + (9 - (-12 + 14)) + -19 - -17?
16
Evaluate 31 - (-19 + -82) - 70.
62
Calculate 9 + (-128 - -134) - (1 - 87).
101
Calculate 32 - 1 - (96 - 19 - -1).
-47
What is the value of 0 + 109 - (-18 + (14 - (0 + 8 - 10)))?
111
Calculate (-2 - -3 - (2 - 4)) + (39 - 4) + -64.
-26
66 - (45 + -14) - 17
18
Evaluate 56 - (-9 - (2 - 5) - (6 + (-24 - -9))).
53
Evaluate -32 - (-6 - -47 - 38).
-35
Evaluate (-17 - 3 - -5) + (28 - 27) + (49 - 3).
32
Evaluate 11 + (-10 - (-13 - -14 - -68 - 11)).
-57
Calculate (48 - (-3 - (-1 - (3 - 2)))) + (476 - 467).
58
Calculate -6 - (-1 - (-5 - (0 + 33)) - (-84 + 75)).
-52
Calculate -6 - (-16 + -44) - 41.
13
What is -40 + 1 + -151 + 178?
-12
Calculate (-130 - -10 - -225) + 11.
116
Calculate -45 - (17 + (-37 - -10) + 36).
-71
(4 - (-62 + 1)) + 55 + (-23 - -1)
98
What is -20 + 220 - (72 - -32)?
96
-62 + 83 - (-2 + (13 - 3 - 5) + -3)
21
What is -1108 + 1121 + (15 - 3)?
25
What is (-118 - -159) + 11 + -10 + -31?
11
What is 36 - (-23 + 2 - (-35 + -6))?
16
Evaluate -81 - 38 - -23 - (-16 - 2).
-78
What is the value of 60 + -88 - -6 - (-35 - 1)?
14
2 - 57 - (-384 + 385)
-56
What is the value of (202 - 30 - 111) + (-1 - (-3 - -17))?
46
What is the value of -5 - ((-12 - -9) + -1 + 18 + (-11 - -20))?
-28
Evaluate -67 + -74 + 32 - -57.
-52
Evaluate -19 + (32 - 0) + 959 + -905.
67
Calculate -12 + -1 + 11 + (12 - (3 - -7)).
0
What is the value of 9 - (12 - (29 + -69))?
-43
Evaluate -57 - (12 + (-30 - -19 - 2) - (3 + 5)).
-48
What is -389 + 407 + (-1 - -4 - 28)?
-7
What is -9 + (-21 + 15 + 14 - -1)?
0
Calculate (2 - 1) + 4 + 1 + -20 + 5 + 19.
10
Calculate 8 + -20 - (-9 + (33 - -11)) - 1.
-48
-38 - (-8 + 13 - (4 - (-6 - (-1 + 2))))
-32
1 + -1 + 124 + -20 + -175
-71
Evaluate 2335 - 2301 - (-1 - -35).
0
-57 + -3 + (-9 - 30 - -47)
-52
What is the value of -45 + -1 - (-38 - (21 + 7 + -60))?
-40
Evaluate -10 + 1 - (425 + -410 - (-10 + -1)).
-35
Calculate -83 + 96 + 0 + -22 + (5 -